{"id":59,"date":"2019-05-08T19:25:51","date_gmt":"2019-05-08T17:25:51","guid":{"rendered":"https:\/\/previews.wasiwarez.net\/restaurant\/?page_id=59"},"modified":"2019-07-14T17:16:19","modified_gmt":"2019-07-14T15:16:19","slug":"startseite","status":"publish","type":"page","link":"https:\/\/previews.wasiwarez.net\/restaurant\/","title":{"rendered":"Startseite"},"content":{"rendered":"\n<p>Dies ist ihre Startseite. Hier k\u00f6nnen Sie Text, Bilder oder beliebige andere Elemente platzieren.<br>In dieser Vorschau sehen Sie eine Seite f\u00fcr ein Restaurant. Wir haben uns hier f\u00fcr eine Variante mit Online-Bestellm\u00f6glichkeit entschieden. Falls Sie nur ihre Gerichte zeigen wollen, kann die Kauffunktion mit einem Klick deaktivert werden.<br>Das Plugin, dass hier genutzt wird, hei\u00dft Restaurant Menu. Dort kann man Gerichte anlegen und sie mit Informationen wie Zutaten, N\u00e4hrwerten, Gr\u00f6\u00dfe und Gewicht versehen und sie in Kategorien einteilen und Schlagw\u00f6rter hinzuf\u00fcgen.<\/p>\n","protected":false},"excerpt":{"rendered":"<p>Dies ist ihre Startseite. Hier k\u00f6nnen Sie Text, Bilder oder beliebige andere Elemente platzieren.In dieser Vorschau sehen Sie eine Seite f\u00fcr ein Restaurant. Wir haben uns hier f\u00fcr eine Variante mit Online-Bestellm\u00f6glichkeit entschieden. Falls Sie nur ihre Gerichte zeigen wollen, kann die Kauffunktion mit einem Klick deaktivert werden.Das Plugin, dass hier genutzt wird, hei\u00dft Restaurant &hellip; <a href=\"https:\/\/previews.wasiwarez.net\/restaurant\/\" class=\"more-link\">Continue reading<span class=\"screen-reader-text\"> &#8220;Startseite&#8221;<\/span><\/a><\/p>\n","protected":false},"author":1,"featured_media":0,"parent":0,"menu_order":0,"comment_status":"closed","ping_status":"closed","template":"template-front-page.php","meta":{"_custom_body_class":"","_custom_post_class":"","footnotes":""},"class_list":["post-59","page","type-page","status-publish","hentry"],"_links":{"self":[{"href":"https:\/\/previews.wasiwarez.net\/restaurant\/wp-json\/wp\/v2\/pages\/59"}],"collection":[{"href":"https:\/\/previews.wasiwarez.net\/restaurant\/wp-json\/wp\/v2\/pages"}],"about":[{"href":"https:\/\/previews.wasiwarez.net\/restaurant\/wp-json\/wp\/v2\/types\/page"}],"author":[{"embeddable":true,"href":"https:\/\/previews.wasiwarez.net\/restaurant\/wp-json\/wp\/v2\/users\/1"}],"replies":[{"embeddable":true,"href":"https:\/\/previews.wasiwarez.net\/restaurant\/wp-json\/wp\/v2\/comments?post=59"}],"version-history":[{"count":4,"href":"https:\/\/previews.wasiwarez.net\/restaurant\/wp-json\/wp\/v2\/pages\/59\/revisions"}],"predecessor-version":[{"id":120,"href":"https:\/\/previews.wasiwarez.net\/restaurant\/wp-json\/wp\/v2\/pages\/59\/revisions\/120"}],"wp:attachment":[{"href":"https:\/\/previews.wasiwarez.net\/restaurant\/wp-json\/wp\/v2\/media?parent=59"}],"curies":[{"name":"wp","href":"https:\/\/api.w.org\/{rel}","templated":true}]}}